{"id":38,"date":"2017-09-11T22:15:17","date_gmt":"2017-09-11T20:15:17","guid":{"rendered":"https:\/\/club-dpf.fr\/?page_id=38"},"modified":"2017-11-08T20:14:09","modified_gmt":"2017-11-08T19:14:09","slug":"le-fort","status":"publish","type":"page","link":"https:\/\/club-dpf.fr\/?page_id=38","title":{"rendered":"Le Fort"},"content":{"rendered":"<p><img loading=\"lazy\" decoding=\"async\" class=\"alignnone size-medium wp-image-137\" src=\"https:\/\/club-dpf.fr\/wp-content\/uploads\/2017\/09\/fort-300x225.jpg\" alt=\"\" width=\"300\" height=\"225\" srcset=\"https:\/\/club-dpf.fr\/wp-content\/uploads\/2017\/09\/fort-300x225.jpg 300w, https:\/\/club-dpf.fr\/wp-content\/uploads\/2017\/09\/fort.jpg 640w\" sizes=\"auto, (max-width: 300px) 100vw, 300px\" \/><img loading=\"lazy\" decoding=\"async\" class=\"size-medium wp-image-128 alignright\" src=\"https:\/\/club-dpf.fr\/wp-content\/uploads\/2017\/09\/photo_06m-2-225x300.jpg\" alt=\"\" width=\"225\" height=\"300\" \/><\/p>\n<p><strong>Histoire du Fort du Paillet<\/strong><\/p>\n<p>Le Fort du Paillet a \u00e9t\u00e9 construit entre 1883 et 1886 dans le cadre d&rsquo;une couronne de d\u00e9fense de Lyon d\u00e9cid\u00e9e apr\u00e8s la guerre de 1870. Construit par le G\u00e9n\u00e9ral Serres de Rivi\u00e8re, en ma\u00e7onnerie prot\u00e9g\u00e9e sur le dessus par 5m de terre, cet ouvrage n&rsquo;a pas \u00e9t\u00e9 utilis\u00e9 en combat. L&rsquo;ensemble du fort (caserne et emplacements de tir) est prot\u00e9g\u00e9 par un foss\u00e9 sec de l&rsquo;ordre de 700m de long et 16m de large.<\/p>\n<p>Une pi\u00e8ce remarquable par sa qualit\u00e9 de construction et d&rsquo;isolation contre l&rsquo;humidit\u00e9 est la poudri\u00e8re. La Commune est propri\u00e9taire de ce fort depuis 1981.<\/p>\n","protected":false},"excerpt":{"rendered":"<p>Histoire du Fort du Paillet Le Fort du Paillet a \u00e9t\u00e9 construit entre 1883 et 1886 dans le cadre d&rsquo;une couronne de d\u00e9fense de Lyon d\u00e9cid\u00e9e apr\u00e8s la guerre de 1870. Construit par le G\u00e9n\u00e9ral Serres de Rivi\u00e8re, en ma\u00e7onnerie prot\u00e9g\u00e9e sur le dessus par 5m de terre, cet ouvrage n&rsquo;a pas \u00e9t\u00e9 utilis\u00e9 en &hellip; <\/p>\n<p class=\"link-more\"><a href=\"https:\/\/club-dpf.fr\/?page_id=38\" class=\"more-link\">Continuer la lecture<span class=\"screen-reader-text\"> de &laquo;&nbsp;Le Fort&nbsp;&raquo;<\/span><\/a><\/p>\n","protected":false},"author":1,"featured_media":0,"parent":0,"menu_order":0,"comment_status":"closed","ping_status":"closed","template":"","meta":{"footnotes":""},"class_list":["post-38","page","type-page","status-publish","hentry"],"_links":{"self":[{"href":"https:\/\/club-dpf.fr\/index.php?rest_route=\/wp\/v2\/pages\/38","targetHints":{"allow":["GET"]}}],"collection":[{"href":"https:\/\/club-dpf.fr\/index.php?rest_route=\/wp\/v2\/pages"}],"about":[{"href":"https:\/\/club-dpf.fr\/index.php?rest_route=\/wp\/v2\/types\/page"}],"author":[{"embeddable":true,"href":"https:\/\/club-dpf.fr\/index.php?rest_route=\/wp\/v2\/users\/1"}],"replies":[{"embeddable":true,"href":"https:\/\/club-dpf.fr\/index.php?rest_route=%2Fwp%2Fv2%2Fcomments&post=38"}],"version-history":[{"count":5,"href":"https:\/\/club-dpf.fr\/index.php?rest_route=\/wp\/v2\/pages\/38\/revisions"}],"predecessor-version":[{"id":969,"href":"https:\/\/club-dpf.fr\/index.php?rest_route=\/wp\/v2\/pages\/38\/revisions\/969"}],"wp:attachment":[{"href":"https:\/\/club-dpf.fr\/index.php?rest_route=%2Fwp%2Fv2%2Fmedia&parent=38"}],"curies":[{"name":"wp","href":"https:\/\/api.w.org\/{rel}","templated":true}]}}